{"id":192,"date":"2017-04-07T11:36:02","date_gmt":"2017-04-07T09:36:02","guid":{"rendered":"https:\/\/www.lametairiehaute.fr\/boutique\/?post_type=product&#038;p=192"},"modified":"2025-12-08T14:19:25","modified_gmt":"2025-12-08T13:19:25","slug":"vanille-4","status":"publish","type":"product","link":"https:\/\/www.lametairiehaute.fr\/boutique\/produit\/vanille-4\/","title":{"rendered":"Gousses de vanille sous vide 90g"},"content":{"rendered":"","protected":false},"excerpt":{"rendered":"<p>Vanille NNF Bourbon de qualit\u00e9. Origine : Madagascar. Qualit\u00e9 professionnelle. Ces gousses ont un ar\u00f4me puissant en vanilline, des notes bois\u00e9es et suaves. La qualit\u00e9 optimale, dans un conditionnement sous vide. La quantit\u00e9 de gousses d\u00e9pend de la longueur (environ une vingtaine de gousses pour des gousses de 18-19cm et plus de gousses si plus petites). La longueur peut varier, elle fait en\u00a0 moyenne 16 cm plus ou moins 2 cm. 90g<\/p>\n","protected":false},"featured_media":1224,"template":"","meta":[],"product_brand":[],"product_cat":[14],"product_tag":[],"class_list":{"0":"post-192","1":"product","2":"type-product","3":"status-publish","4":"has-post-thumbnail","6":"product_cat-vanille","7":"product_shipping_class-colissimo","9":"first","10":"instock","11":"shipping-taxable","12":"purchasable","13":"product-type-simple"},"_links":{"self":[{"href":"https:\/\/www.lametairiehaute.fr\/boutique\/wp-json\/wp\/v2\/product\/192","targetHints":{"allow":["GET"]}}],"collection":[{"href":"https:\/\/www.lametairiehaute.fr\/boutique\/wp-json\/wp\/v2\/product"}],"about":[{"href":"https:\/\/www.lametairiehaute.fr\/boutique\/wp-json\/wp\/v2\/types\/product"}],"wp:featuredmedia":[{"embeddable":true,"href":"https:\/\/www.lametairiehaute.fr\/boutique\/wp-json\/wp\/v2\/media\/1224"}],"wp:attachment":[{"href":"https:\/\/www.lametairiehaute.fr\/boutique\/wp-json\/wp\/v2\/media?parent=192"}],"wp:term":[{"taxonomy":"product_brand","embeddable":true,"href":"https:\/\/www.lametairiehaute.fr\/boutique\/wp-json\/wp\/v2\/product_brand?post=192"},{"taxonomy":"product_cat","embeddable":true,"href":"https:\/\/www.lametairiehaute.fr\/boutique\/wp-json\/wp\/v2\/product_cat?post=192"},{"taxonomy":"product_tag","embeddable":true,"href":"https:\/\/www.lametairiehaute.fr\/boutique\/wp-json\/wp\/v2\/product_tag?post=192"}],"curies":[{"name":"wp","href":"https:\/\/api.w.org\/{rel}","templated":true}]}}